se 5*p = -4*u + 31, -2*u = -2*p + 3*u - 14. What is the units digit of p?
3
Let v = 124 + -181. Let p be 3/(-12) + v/(-4). What is the units digit of (-54)/(-42) + (-4)/p?
1
Suppose 79 = -6*s + 331. What is the units digit of s?
2
Let s(u) = u**2 + 7*u + 2. Let m(z) = -4*z + 4. Let r be m(3). Let q be s(r). Suppose 5*d = f - 31, -4*f + 46 = 2*d + q. What is the units digit of f?
1
Let n = 61 + -54. What is the units digit of n?
7
Let v(p) = -p**3 - 4*p**2 - 2*p - 3. Let r be v(-3). What is the units digit of r/(-45) - 448/(-15)?
0
Let o(g) = 3*g + 1. Let r be o(1). Suppose 0*z - z - c = -14, 3*c = r*z - 49. What is the units digit of z?
3
Suppose n = -3*n + 16. Suppose -2*j + n = -6. What is the units digit of j?
5
Let w(u) = u**3 - 6*u**2 - 2*u - 9. Let a be w(7). Suppose j = -7 + a. What is the units digit of j?
9
Suppose 3*f - 3*s + 27 = 126, -5*f + 3*s + 157 = 0. What is the tens digit of f?
2
Let g be -1 - 1 - (-5 + 3). Let i(x) = g*x + 3*x - 4 + 1. What is the units digit of i(2)?
3
Let a(m) = -m**3 + 2*m**2 + 4*m. Let f be a(3). Let k(p) = p**2 - p - 2. What is the units digit of k(f)?
4
Let o(d) = -8*d**2 - 2 - 3*d**3 + 2*d**3 + 2*d + 2*d**2. What is the units digit of o(-7)?
3
Let q(g) = -g**3 - g + 4. Let d be q(0). Suppose 0 = -r + u + 47, 4*r + d*u = -0*u + 212. What is the tens digit of r?
5
Let c(s) = -s**3 - 2*s**2 + 4*s + 1. Let n(x) = x**3 + 9*x**2 - x - 13. Let w be n(-9). What is the tens digit of c(w)?
1
Let v(g) = -g**2 + 22*g + 4. What is the tens digit of v(18)?
7
Let y(p) = -p - 1. Suppose 4*t - 34 = 3*v, -4*v = -4*t - 11 + 51. What is the units digit of y(v)?
5
Suppose 4*k - 6 = 2*k. What is the units digit of k?
3
Let l = 2 - -1. Suppose -l*t = 8 - 23. What is the units digit of t?
5
Suppose -9*y = -14*y + 475. What is the units digit of y?
5
Suppose -z + 5*z = 8. Suppose 2*d = -z*d + 156. What is the units digit of d?
9
Suppose -44 = -5*w + 31. What is the units digit of 350/w + 2/3?
4
Suppose -g = n + 1, 0 = -3*n - 4*g + 3*g - 9. What is the units digit of (-17)/n - 1/4?
4
Let r(w) = -w**3 - 9*w**2 - 7*w + 11. Let y be r(-8). Let v = 3 - y. Let k = 2 + v. What is the units digit of k?
2
Suppose 9*j - 4*j = 15. What is the units digit of j?
3
Let v(m) = 15 - 5 + 3 + m + 7. What is the tens digit of v(-9)?
1
Suppose -2 = -g + 2. Let s(o) = o**2 - o - 1. What is the tens digit of s(g)?
1
Let s(v) = -5*v - 1. Let k be 2/(-4) - 1/2. Let g be s(k). Suppose -32 = -4*u + 2*j, g = -0*u + 2*u - 4*j. What is the units digit of u?
0
Suppose 2*a + 88 = -4*d + 6*a, -10 = d - 4*a. Let b = 19 - d. What is the tens digit of b?
4
Let p be 10*(-46)/(-4) - -2. Suppose 0 = 2*r + 4*o - 24, -4*r + 2*o - 29 = -p. What is the units digit of (r/6)/((-2)/(-6))?
0
Let m(x) = -x**2 + 23*x + 9. What is the units digit of m(16)?
1
Let l = -1 - 3. Let a(p) = p**3 + 5*p**2 + 2*p - 5. Let y be a(l). Suppose -y*d + 9 = -0*d. What is the units digit of d?
3
Let x = 31 + -21. Let o = 34 - x. What is the tens digit of o?
2
Let p = 4 - 10. Let c be (p/4)/(6/(-8)). Suppose -7 = -c*d - 1. What is the units digit of d?
3
Let m = 120 - -49. What is the units digit of m?
9
Let j = -14 + 10. Let x be j/18 - (-168)/27. Let k = 11 - x. What is the units digit of k?
5
Suppose 4*f = -5*k + 13, f = -4*f + 3*k + 7. Suppose 7*w + 4*v = 3*w, f*w - 5*v - 14 = 0. What is the units digit of (-18)/(-5)*5/w?
9
Let d(w) = w + 12. Let q be d(-10). Suppose -5*f - q = -17. What is the units digit of f?
3
Suppose 0 = 2*u + 2*y - 3 - 15, -5*y = 4*u - 33. Suppose 0 = -7*c + 4*c + u. What is the units digit of c?
4
What is the units digit of (-1 - (-1)/2)*-154?
7
Let g(f) = 2*f - 6. Let o be g(4). Let k(l) = 2*l**3 + l - 2. What is the tens digit of k(o)?
1
Let m be (-6)/((-2)/1) + -1. Suppose -w + 6 = m*w. Suppose w*f + 33 = 6*f + 3*l, -f - 3*l = -6. What is the units digit of f?
9
Let i = -13 + 26. Let t = -9 + i. Suppose -3*u + 5*u - p - 8 = 0, 0 = 2*p - t. What is the units digit of u?
5
Let t(m) = m**3 + 9*m**2 + 2*m - 3. What is the tens digit of t(-8)?
4
What is the units digit of (2/(-4))/((-12)/1176)?
9
Suppose -5*h = -4*x - 295, 3*x = 5*h - 282 - 18. What is the tens digit of h?
6
Let t(o) = 5*o - 10. What is the units digit of t(9)?
5
Let b(z) = -4*z - 2. Let c(i) = -i - i - 3 + i - 4*i. Let f(t) = -6*b(t) + 5*c(t). What is the units digit of f(-7)?
4
Let c = 175 + -47. What is the tens digit of c?
2
Let d = 5 + -9. What is the units digit of (11/d)/((-1)/4)?
1
Let y = -24 - -65. Let n = -28 + y. What is the units digit of n?
3
Let s = 11 - 24. Let q = 23 + s. What is the units digit of q?
0
Suppose -3*h + 2*a + 38 = -188, 0 = 5*a - 20. What is the units digit of h?
8
Suppose -g = b - 3, -b + g - 13 = -2*g. What is the units digit of 1 - b - (-6 + 0)?
8
Suppose -2*b - b = -27. Suppose f = b - 3. What is the units digit of f?
6
Let l(k) = k - 10. Let j be l(7). Let z be 2 + -5 + 3/j. Let g = 0 - z. What is the units digit of g?
4
Let h(y) = -y**2 + 7*y + 7. Let i be h(7). Suppose -23 = -3*k + i. What is the units digit of k?
0
Suppose 5*t + 4*z = 0, -5*t - 3*z + 40 = -7*z. Let o = 14 + -14. Suppose -t*m + 24 = -o*m. What is the units digit of m?
6
Suppose 5*k - 3*h - 9 = 4*k, 6 = 4*k + 3*h. Suppose -t - 5*m + 110 = 4*t, -k*m = t - 14. What is the tens digit of t?
2
Let o be 4/(-6) - 17/(-3). Let q(n) = n**3 - 6*n**2 + 7*n - 5. Let g be q(o). Suppose 17 = g*f - 28. What is the units digit of f?
9
Let u = 16 + -11. Suppose 4*k + 1 - u = 0. What is the units digit of k?
1
Let r be 1/(-1 + (4 - 2)). Let h be 135/4 + r/4. Suppose -11*j + 9*j = -h. What is the tens digit of j?
1
Let w = 113 + -70. What is the units digit of w?
3
Suppose -2*y + 0*y - 6 = 0. Let k = y + 15. What is the units digit of k?
2
Let k be (0 - -1 - 1) + 2. Let z(j) = 2*j + 8*j + 0*j - 19*j**k + 12 + 18*j**2. What is the tens digit of z(10)?
1
Let g(y) = -y**2 - 3*y - 5. Let m be g(-4). Let t = -18 - m. Let d = 16 + t. What is the units digit of d?
7
Suppose 137 = 5*x - 8. What is the tens digit of x?
2
Let u be (-16)/(-5) - 2/10. Let l = u - -3. What is the units digit of l?
6
Let q(l) = -l - 1. Let t(h) = -18*h - 12. Let y(w) = 12*q(w) - t(w). Let z be y(-2). Let i = -8 - z. What is the units digit of i?
4
Let p(y) = -5*y**2 - y. Let x(v) = v + 2. Let j be x(-3). Let t be p(j). Let i(b) = -b**3 - 2*b**2 + 5*b. What is the units digit of i(t)?
2
Let j be (1 - 3) + (-1 - -2). Let r be (2 - 1*-19)/j. Let g = -11 - r. What is the tens digit of g?
1
Let z(i) = i**3 - 11*i**2 - 21*i + 24. What is the units digit of z(13)?
9
Let w = 7 - -10. What is the tens digit of w?
1
Let u = -2 - -5. Suppose 45 = 5*l - y, -u*y = y. What is the units digit of l?
9
Let l(b) = -b + 5. Suppose 0 = -3*y + v + 18, 19 = 6*y - 4*y - 3*v. Let x be l(y). Suppose 3*k - 50 - 15 = 4*n, x = 2*n + 10. What is the tens digit of k?
1
Let q(a) = -3*a - 4. Let p be q(5). Let w = 28 + p. What is the units digit of w?
9
Let x be -2*(-1 + (-3)/6). Suppose x*c + 2*q = 3*q + 29, -3*c - 4*q + 4 = 0. What is the units digit of c?
8
Let u = -28 - -66. Let p be 26/7 + (-2)/(-7). Suppose p*i = u - 10. What is the units digit of i?
7
Let w = 220 - 129. What is the units digit of w?
1
Suppose -430 = -5*w + 2*j, 5*j = -w + 90 + 23. What is the units digit of w?
8
Let a = 227 + -135. What is the tens digit of a?
9
Suppose 0 = -6*y + 5*y + 3047. What is the tens digit of (-2)/(-9) + y/99?
3
Let g(c) = -c**3 + 21*c**2 - 17*c - 22. What is the units digit of g(20)?
8
Suppose -54*y = -53*y - 204. What is the hundreds digit of y?
2
Let s(c) = c**2 - 3*c + 6. Let g be s(4). Suppose 4*l - 6*l = -g. What is the units digit of l?
5
Let z(v) = 46*v**3 + 2*v**2 + 2*v + 1. Let p be z(-1). What is the tens digit of (p/6)/(6/(-20))?
2
What is the tens digit of ((-43)/(-4))/((-13)/(-52))?
4
Let t(q) = q**2 + q - 16. Let x be t(0). Let a = 32 + x. What is the units digit of a?
6
Let o(w) = -w**3 - 5*w**2 + w + 7. Suppose -4*k = -2*k - 5*i - 5, 3*i = 5*k + 16. What is the units digit of o(k)?
2
Let k = -247 - -395. What is the hundreds digit of k?
1
Let z = 126 - 50. What is the tens digit of z?
7
Let q(y) = -3*y + 10. What is the units digit of q(-3)?
9
Let l(z) = z**3 + 18*z**2 + 27*z + 20. What is the tens digit of l(-16)?
0
Suppose 2*j + 1 = -1. What is the uni